{"id":30,"date":"2022-10-09T19:04:53","date_gmt":"2022-10-09T17:04:53","guid":{"rendered":"https:\/\/www.namputhaimassage.fr\/?page_id=30"},"modified":"2023-01-11T00:38:18","modified_gmt":"2023-01-10T23:38:18","slug":"a_propos","status":"publish","type":"page","link":"https:\/\/www.namputhaimassage.fr\/?page_id=30","title":{"rendered":"A_propos"},"content":{"rendered":"\n<h3 class=\"wp-block-heading\">Horraire<\/h3>\n\n\n\n<div>\n        <div style=\"display: flex; flex-wrap: wrap;\">\n            <div style=\"width: 90px;\">lundi :<\/div>\n            <div>10h00 &#8211; 17h00<\/div>\n        <\/div>\n        <div style=\"display: flex; flex-wrap: wrap;\">\n            <span style=\"width: 90px\">mardi :<\/span>\n            <span>10h00 &#8211; 17h00<\/span>\n        <\/div>\n        <div style=\"display: flex; flex-wrap: wrap;\">\n            <span style=\"width: 90px\">mercredi :<\/span>\n            <span>10h00 &#8211; 17h00<\/span>\n        <\/div>\n        <div style=\"display: flex; flex-wrap: wrap;\">\n            <span style=\"width: 90px\">jeudi :<\/span>\n            <span>10h00 &#8211; 19h30<\/span>\n        <\/div>\n        <div style=\"display: flex; flex-wrap: wrap;\">\n            <span style=\"width: 90px\">vendredi :<\/span>\n            <span>10h00 &#8211; 17h00<\/span>\n        <\/div>\n        <div style=\"display: flex; flex-wrap: wrap;\">\n            <span style=\"width: 90px\">samedi :<\/span>\n            <span>10h00 &#8211; 20h00<\/span>\n        <\/div>\n        <div style=\"display: flex; flex-wrap: wrap;\">\n            <span style=\"width: 90px\">dimanche :<\/span>\n            <span>12h00 &#8211; 17h00<\/span>\n        <\/div>\n    <\/div>\n\n\n\n<h3 class=\"wp-block-heading\">Adresse<\/h3>\n\n\n\n<p>1 Rue Rivi\u00e8re, 91720 Maisse<\/p>\n\n\n\n<h3 class=\"wp-block-heading\">Acc\u00e8s<\/h3>\n\n\n\n<figure class=\"wp-block-image size-full\"><img loading=\"lazy\" decoding=\"async\" width=\"458\" height=\"773\" src=\"http:\/\/www.namputhaimassage.fr\/wp-content\/uploads\/2022\/10\/acces.png\" alt=\"\" class=\"wp-image-144\" srcset=\"https:\/\/www.namputhaimassage.fr\/wp-content\/uploads\/2022\/10\/acces.png 458w, https:\/\/www.namputhaimassage.fr\/wp-content\/uploads\/2022\/10\/acces-178x300.png 178w, https:\/\/www.namputhaimassage.fr\/wp-content\/uploads\/2022\/10\/acces-36x60.png 36w\" sizes=\"auto, (max-width: 458px) 100vw, 458px\" \/><\/figure>\n","protected":false},"excerpt":{"rendered":"<p>Horraire lundi : 10h00 &#8211; 17h00 mardi : 10h00 &#8211; 17h00 mercredi : 10h00 &#8211; 17h00 jeudi : 10h00 &#8211; 19h30 vendredi : 10h00 &#8211; 17h00 samedi : 10h00 &#8211; &hellip; <\/p>\n","protected":false},"author":1,"featured_media":0,"parent":0,"menu_order":0,"comment_status":"closed","ping_status":"closed","template":"","meta":{"footnotes":""},"class_list":["post-30","page","type-page","status-publish","hentry"],"yoast_head":"<!-- This site is optimized with the Yoast SEO plugin v19.8 - https:\/\/yoast.com\/wordpress\/plugins\/seo\/ -->\n<title>A_propos - Nampu Tha\u00ef Massage<\/title>\n<meta name=\"description\" content=\"\u00c0 propos - Massage tha\u00ef un, pur moment de bonheur. Salon de massage \u00e0 Maisse dans l&#039;Essonne.\" \/>\n<meta name=\"robots\" content=\"index, follow, max-snippet:-1, max-image-preview:large, max-video-preview:-1\" \/>\n<link rel=\"canonical\" href=\"https:\/\/www.namputhaimassage.fr\/?page_id=30\" \/>\n<meta property=\"og:locale\" content=\"fr_FR\" \/>\n<meta property=\"og:type\" content=\"article\" \/>\n<meta property=\"og:title\" content=\"A_propos - Nampu Tha\u00ef Massage\" \/>\n<meta property=\"og:description\" content=\"\u00c0 propos - Massage tha\u00ef un, pur moment de bonheur. Salon de massage \u00e0 Maisse dans l&#039;Essonne.\" \/>\n<meta property=\"og:url\" content=\"https:\/\/www.namputhaimassage.fr\/?page_id=30\" \/>\n<meta property=\"og:site_name\" content=\"Nampu Tha\u00ef Massage\" \/>\n<meta property=\"article:publisher\" content=\"https:\/\/www.facebook.com\/namputhaimassage\/\" \/>\n<meta property=\"article:modified_time\" content=\"2023-01-10T23:38:18+00:00\" \/>\n<meta property=\"og:image\" content=\"http:\/\/www.namputhaimassage.fr\/wp-content\/uploads\/2022\/10\/acces.png\" \/>\n<meta name=\"twitter:card\" content=\"summary_large_image\" \/>\n<meta name=\"twitter:label1\" content=\"Dur\u00e9e de lecture estim\u00e9e\" \/>\n\t<meta name=\"twitter:data1\" content=\"1 minute\" \/>\n<script type=\"application\/ld+json\" class=\"yoast-schema-graph\">{\"@context\":\"https:\/\/schema.org\",\"@graph\":[{\"@type\":\"WebPage\",\"@id\":\"https:\/\/www.namputhaimassage.fr\/?page_id=30\",\"url\":\"https:\/\/www.namputhaimassage.fr\/?page_id=30\",\"name\":\"A_propos - Nampu Tha\u00ef Massage\",\"isPartOf\":{\"@id\":\"https:\/\/www.namputhaimassage.fr\/#website\"},\"datePublished\":\"2022-10-09T17:04:53+00:00\",\"dateModified\":\"2023-01-10T23:38:18+00:00\",\"description\":\"\u00c0 propos - Massage tha\u00ef un, pur moment de bonheur. Salon de massage \u00e0 Maisse dans l'Essonne.\",\"breadcrumb\":{\"@id\":\"https:\/\/www.namputhaimassage.fr\/?page_id=30#breadcrumb\"},\"inLanguage\":\"fr-FR\",\"potentialAction\":[{\"@type\":\"ReadAction\",\"target\":[\"https:\/\/www.namputhaimassage.fr\/?page_id=30\"]}]},{\"@type\":\"BreadcrumbList\",\"@id\":\"https:\/\/www.namputhaimassage.fr\/?page_id=30#breadcrumb\",\"itemListElement\":[{\"@type\":\"ListItem\",\"position\":1,\"name\":\"Accueil\",\"item\":\"https:\/\/www.namputhaimassage.fr\/\"},{\"@type\":\"ListItem\",\"position\":2,\"name\":\"A_propos\"}]},{\"@type\":\"WebSite\",\"@id\":\"https:\/\/www.namputhaimassage.fr\/#website\",\"url\":\"https:\/\/www.namputhaimassage.fr\/\",\"name\":\"Nampu Tha\u00ef Massage\",\"description\":\"\",\"publisher\":{\"@id\":\"https:\/\/www.namputhaimassage.fr\/#organization\"},\"potentialAction\":[{\"@type\":\"SearchAction\",\"target\":{\"@type\":\"EntryPoint\",\"urlTemplate\":\"https:\/\/www.namputhaimassage.fr\/?s={search_term_string}\"},\"query-input\":\"required name=search_term_string\"}],\"inLanguage\":\"fr-FR\"},{\"@type\":\"Organization\",\"@id\":\"https:\/\/www.namputhaimassage.fr\/#organization\",\"name\":\"Nampu Tha\u00ef Massage\",\"url\":\"https:\/\/www.namputhaimassage.fr\/\",\"sameAs\":[\"https:\/\/www.facebook.com\/namputhaimassage\/\"],\"logo\":{\"@type\":\"ImageObject\",\"inLanguage\":\"fr-FR\",\"@id\":\"https:\/\/www.namputhaimassage.fr\/#\/schema\/logo\/image\/\",\"url\":\"http:\/\/www.namputhaimassage.fr\/wp-content\/uploads\/2022\/10\/logo.jpg\",\"contentUrl\":\"http:\/\/www.namputhaimassage.fr\/wp-content\/uploads\/2022\/10\/logo.jpg\",\"width\":720,\"height\":744,\"caption\":\"Nampu Tha\u00ef Massage\"},\"image\":{\"@id\":\"https:\/\/www.namputhaimassage.fr\/#\/schema\/logo\/image\/\"}}]}<\/script>\n<!-- \/ Yoast SEO plugin. -->","yoast_head_json":{"title":"A_propos - Nampu Tha\u00ef Massage","description":"\u00c0 propos - Massage tha\u00ef un, pur moment de bonheur. Salon de massage \u00e0 Maisse dans l'Essonne.","robots":{"index":"index","follow":"follow","max-snippet":"max-snippet:-1","max-image-preview":"max-image-preview:large","max-video-preview":"max-video-preview:-1"},"canonical":"https:\/\/www.namputhaimassage.fr\/?page_id=30","og_locale":"fr_FR","og_type":"article","og_title":"A_propos - Nampu Tha\u00ef Massage","og_description":"\u00c0 propos - Massage tha\u00ef un, pur moment de bonheur. Salon de massage \u00e0 Maisse dans l'Essonne.","og_url":"https:\/\/www.namputhaimassage.fr\/?page_id=30","og_site_name":"Nampu Tha\u00ef Massage","article_publisher":"https:\/\/www.facebook.com\/namputhaimassage\/","article_modified_time":"2023-01-10T23:38:18+00:00","og_image":[{"url":"http:\/\/www.namputhaimassage.fr\/wp-content\/uploads\/2022\/10\/acces.png"}],"twitter_card":"summary_large_image","twitter_misc":{"Dur\u00e9e de lecture estim\u00e9e":"1 minute"},"schema":{"@context":"https:\/\/schema.org","@graph":[{"@type":"WebPage","@id":"https:\/\/www.namputhaimassage.fr\/?page_id=30","url":"https:\/\/www.namputhaimassage.fr\/?page_id=30","name":"A_propos - Nampu Tha\u00ef Massage","isPartOf":{"@id":"https:\/\/www.namputhaimassage.fr\/#website"},"datePublished":"2022-10-09T17:04:53+00:00","dateModified":"2023-01-10T23:38:18+00:00","description":"\u00c0 propos - Massage tha\u00ef un, pur moment de bonheur. Salon de massage \u00e0 Maisse dans l'Essonne.","breadcrumb":{"@id":"https:\/\/www.namputhaimassage.fr\/?page_id=30#breadcrumb"},"inLanguage":"fr-FR","potentialAction":[{"@type":"ReadAction","target":["https:\/\/www.namputhaimassage.fr\/?page_id=30"]}]},{"@type":"BreadcrumbList","@id":"https:\/\/www.namputhaimassage.fr\/?page_id=30#breadcrumb","itemListElement":[{"@type":"ListItem","position":1,"name":"Accueil","item":"https:\/\/www.namputhaimassage.fr\/"},{"@type":"ListItem","position":2,"name":"A_propos"}]},{"@type":"WebSite","@id":"https:\/\/www.namputhaimassage.fr\/#website","url":"https:\/\/www.namputhaimassage.fr\/","name":"Nampu Tha\u00ef Massage","description":"","publisher":{"@id":"https:\/\/www.namputhaimassage.fr\/#organization"},"potentialAction":[{"@type":"SearchAction","target":{"@type":"EntryPoint","urlTemplate":"https:\/\/www.namputhaimassage.fr\/?s={search_term_string}"},"query-input":"required name=search_term_string"}],"inLanguage":"fr-FR"},{"@type":"Organization","@id":"https:\/\/www.namputhaimassage.fr\/#organization","name":"Nampu Tha\u00ef Massage","url":"https:\/\/www.namputhaimassage.fr\/","sameAs":["https:\/\/www.facebook.com\/namputhaimassage\/"],"logo":{"@type":"ImageObject","inLanguage":"fr-FR","@id":"https:\/\/www.namputhaimassage.fr\/#\/schema\/logo\/image\/","url":"http:\/\/www.namputhaimassage.fr\/wp-content\/uploads\/2022\/10\/logo.jpg","contentUrl":"http:\/\/www.namputhaimassage.fr\/wp-content\/uploads\/2022\/10\/logo.jpg","width":720,"height":744,"caption":"Nampu Tha\u00ef Massage"},"image":{"@id":"https:\/\/www.namputhaimassage.fr\/#\/schema\/logo\/image\/"}}]}},"_links":{"self":[{"href":"https:\/\/www.namputhaimassage.fr\/index.php?rest_route=\/wp\/v2\/pages\/30","targetHints":{"allow":["GET"]}}],"collection":[{"href":"https:\/\/www.namputhaimassage.fr\/index.php?rest_route=\/wp\/v2\/pages"}],"about":[{"href":"https:\/\/www.namputhaimassage.fr\/index.php?rest_route=\/wp\/v2\/types\/page"}],"author":[{"embeddable":true,"href":"https:\/\/www.namputhaimassage.fr\/index.php?rest_route=\/wp\/v2\/users\/1"}],"replies":[{"embeddable":true,"href":"https:\/\/www.namputhaimassage.fr\/index.php?rest_route=%2Fwp%2Fv2%2Fcomments&post=30"}],"version-history":[{"count":6,"href":"https:\/\/www.namputhaimassage.fr\/index.php?rest_route=\/wp\/v2\/pages\/30\/revisions"}],"predecessor-version":[{"id":149,"href":"https:\/\/www.namputhaimassage.fr\/index.php?rest_route=\/wp\/v2\/pages\/30\/revisions\/149"}],"wp:attachment":[{"href":"https:\/\/www.namputhaimassage.fr\/index.php?rest_route=%2Fwp%2Fv2%2Fmedia&parent=30"}],"curies":[{"name":"wp","href":"https:\/\/api.w.org\/{rel}","templated":true}]}}